{"id":710,"date":"2018-04-17T10:47:05","date_gmt":"2018-04-17T10:47:05","guid":{"rendered":"http:\/\/karitaszeger.hu\/web\/?page_id=710"},"modified":"2021-03-17T21:41:59","modified_gmt":"2021-03-17T21:41:59","slug":"iskolai_kozossegi_szolgalat","status":"publish","type":"page","link":"https:\/\/karitaszeger.hu\/web\/iskolai_kozossegi_szolgalat\/","title":{"rendered":"50 \u00f3r\u00e1s Iskolai K\u00f6z\u00f6ss\u00e9gi Szolg\u00e1lat"},"content":{"rendered":"<p><div class=\"fusion-fullwidth fullwidth-box fusion-builder-row-1 fusion-flex-container nonhundred-percent-fullwidth non-hundred-percent-height-scrolling\" style=\"--awb-background-position:left top;--awb-border-sizes-top:0px;--awb-border-sizes-bottom:0px;--awb-border-sizes-left:0px;--awb-border-sizes-right:0px;--awb-border-radius-top-left:0px;--awb-border-radius-top-right:0px;--awb-border-radius-bottom-right:0px;--awb-border-radius-bottom-left:0px;--awb-padding-top:110px;--awb-padding-bottom:20px;--awb-flex-wrap:wrap;\" ><div class=\"fusion-builder-row fusion-row fusion-flex-align-items-flex-start fusion-flex-content-wrap\" style=\"max-width:1216.8px;margin-left: calc(-4% \/ 2 );margin-right: calc(-4% \/ 2 );\"><div class=\"fusion-layout-column fusion_builder_column fusion-builder-column-0 fusion_builder_column_1_1 1_1 fusion-flex-column\" style=\"--awb-bg-size:cover;--awb-width-large:100%;--awb-margin-top-large:0px;--awb-spacing-right-large:1.92%;--awb-margin-bottom-large:20px;--awb-spacing-left-large:1.92%;--awb-width-medium:100%;--awb-order-medium:0;--awb-spacing-right-medium:1.92%;--awb-spacing-left-medium:1.92%;--awb-width-small:100%;--awb-order-small:0;--awb-spacing-right-small:1.92%;--awb-spacing-left-small:1.92%;\"><div class=\"fusion-column-wrapper fusion-column-has-shadow fusion-flex-justify-content-flex-start fusion-content-layout-column\"><div class=\"fusion-title title fusion-title-1 fusion-sep-none fusion-title-text fusion-title-size-one\"><h1 class=\"fusion-title-heading title-heading-left\" style=\"margin:0;\"><h3><span style=\"color: #ff0000;\"><strong>Mi az 50 \u00f3r\u00e1s k\u00f6z\u00f6ss\u00e9gi szolg\u00e1lat?<\/strong><\/span><\/h3><\/h1><\/div><\/div><\/div><div class=\"fusion-layout-column fusion_builder_column fusion-builder-column-1 fusion_builder_column_1_2 1_2 fusion-flex-column\" style=\"--awb-bg-size:cover;--awb-width-large:50%;--awb-margin-top-large:0px;--awb-spacing-right-large:3.84%;--awb-margin-bottom-large:20px;--awb-spacing-left-large:3.84%;--awb-width-medium:100%;--awb-order-medium:0;--awb-spacing-right-medium:1.92%;--awb-spacing-left-medium:1.92%;--awb-width-small:100%;--awb-order-small:0;--awb-spacing-right-small:1.92%;--awb-spacing-left-small:1.92%;\"><div class=\"fusion-column-wrapper fusion-column-has-shadow fusion-flex-justify-content-flex-start fusion-content-layout-column\"><div class=\"fusion-text fusion-text-1\"><p>A nemzeti k\u00f6znevel\u00e9sr\u0151l sz\u00f3l\u00f3 2011. \u00e9vi CXC. t\u00f6rv\u00e9ny (a tov\u00e1bbiakban: k\u00f6znevel\u00e9si t\u00f6rv\u00e9ny) a kor\u00e1bbin\u00e1l nagyobb figyelmet ford\u00edt a nevel\u00e9sre, ez\u00e9rt szerepel benne az az el\u0151\u00edr\u00e1s, amely az \u00e9retts\u00e9gi bizony\u00edtv\u00e1ny kiad\u00e1s\u00e1t 50 \u00f3ra k\u00f6z\u00f6ss\u00e9gi szolg\u00e1lat teljes\u00edt\u00e9s\u00e9hez k\u00f6ti minden magyar tanul\u00f3nak. Ez azt r\u00f6gz\u00edti a jogszab\u00e1lyi szinten, hogy az \u00e9retts\u00e9gi nemcsak szellemi, tant\u00e1rgyi tud\u00e1st m\u00e9r, hanem azt a pedag\u00f3giai c\u00e9lt is, hogy a szoci\u00e1lis k\u00e9szs\u00e9gek, a t\u00e1rsadalmi \u00e9rz\u00e9kenys\u00e9g kimunk\u00e1l\u00e1sa is sz\u00fcks\u00e9ges ahhoz, hogy valaki \u00e9rett legyen, \u00e9s a k\u00f6z\u00e9piskolai tanulm\u00e1nyait befejezze.<\/p>\n<p>A k\u00f6z\u00e9piskola a 9\u201311. \u00e9vfolyamos tanul\u00f3i sz\u00e1m\u00e1ra lehet\u0151s\u00e9g szerint h\u00e1rom tan\u00e9vre, ar\u00e1nyosan elosztva szervezi meg vagy biztos\u00edt id\u0151keretet a legal\u00e1bb \u00f6tven \u00f3r\u00e1s k\u00f6z\u00f6ss\u00e9gi szolg\u00e1lat teljes\u00edt\u00e9s\u00e9re, amelyt\u0151l azonban indokolt esetben a sz\u00fcl\u0151 k\u00e9r\u00e9s\u00e9re el lehet t\u00e9rni.<\/p>\n<\/div><\/div><\/div><div class=\"fusion-layout-column fusion_builder_column fusion-builder-column-2 fusion_builder_column_1_2 1_2 fusion-flex-column\" style=\"--awb-bg-size:cover;--awb-width-large:50%;--awb-margin-top-large:0px;--awb-spacing-right-large:3.84%;--awb-margin-bottom-large:20px;--awb-spacing-left-large:3.84%;--awb-width-medium:100%;--awb-order-medium:0;--awb-spacing-right-medium:1.92%;--awb-spacing-left-medium:1.92%;--awb-width-small:100%;--awb-order-small:0;--awb-spacing-right-small:1.92%;--awb-spacing-left-small:1.92%;\"><div class=\"fusion-column-wrapper fusion-column-has-shadow fusion-flex-justify-content-flex-start fusion-content-layout-column\"><div class=\"fusion-text fusion-text-2\"><p><img decoding=\"async\" class=\"alignnone wp-image-2074\" src=\"https:\/\/karitaszeger.hu\/web\/wp-content\/uploads\/2018\/10\/20141125_122246-1024x768.jpg\" alt=\"\" width=\"600\" height=\"450\" srcset=\"https:\/\/karitaszeger.hu\/web\/wp-content\/uploads\/2018\/10\/20141125_122246-200x150.jpg 200w, https:\/\/karitaszeger.hu\/web\/wp-content\/uploads\/2018\/10\/20141125_122246-300x225.jpg 300w, https:\/\/karitaszeger.hu\/web\/wp-content\/uploads\/2018\/10\/20141125_122246-400x300.jpg 400w, https:\/\/karitaszeger.hu\/web\/wp-content\/uploads\/2018\/10\/20141125_122246-500x375.jpg 500w, https:\/\/karitaszeger.hu\/web\/wp-content\/uploads\/2018\/10\/20141125_122246-600x450.jpg 600w, https:\/\/karitaszeger.hu\/web\/wp-content\/uploads\/2018\/10\/20141125_122246-700x525.jpg 700w, https:\/\/karitaszeger.hu\/web\/wp-content\/uploads\/2018\/10\/20141125_122246-768x576.jpg 768w, https:\/\/karitaszeger.hu\/web\/wp-content\/uploads\/2018\/10\/20141125_122246-800x600.jpg 800w, https:\/\/karitaszeger.hu\/web\/wp-content\/uploads\/2018\/10\/20141125_122246-1024x768.jpg 1024w, https:\/\/karitaszeger.hu\/web\/wp-content\/uploads\/2018\/10\/20141125_122246-1200x900.jpg 1200w\" sizes=\"(max-width: 600px) 100vw, 600px\" \/><\/p>\n<\/div><\/div><\/div><div class=\"fusion-layout-column fusion_builder_column fusion-builder-column-3 fusion_builder_column_1_1 1_1 fusion-flex-column\" style=\"--awb-bg-size:cover;--awb-width-large:100%;--awb-margin-top-large:0px;--awb-spacing-right-large:1.92%;--awb-margin-bottom-large:20px;--awb-spacing-left-large:1.92%;--awb-width-medium:100%;--awb-order-medium:0;--awb-spacing-right-medium:1.92%;--awb-spacing-left-medium:1.92%;--awb-width-small:100%;--awb-order-small:0;--awb-spacing-right-small:1.92%;--awb-spacing-left-small:1.92%;\"><div class=\"fusion-column-wrapper fusion-column-has-shadow fusion-flex-justify-content-flex-start fusion-content-layout-column\"><div class=\"fusion-title title fusion-title-2 fusion-sep-none fusion-title-text fusion-title-size-one\"><h1 class=\"fusion-title-heading title-heading-left\" style=\"margin:0;\"><h3><span style=\"color: #ff0000;\"><strong>K\u00d6Z\u00d6SS\u00c9GI SZOLG\u00c1LAT A KARIT\u00c1SZN\u00c1L?<\/strong><\/span><\/h3><\/h1><\/div><div class=\"fusion-builder-row fusion-builder-row-inner fusion-row fusion-flex-align-items-flex-start fusion-flex-content-wrap\" style=\"width:104% !important;max-width:104% !important;margin-left: calc(-4% \/ 2 );margin-right: calc(-4% \/ 2 );\"><div class=\"fusion-layout-column fusion_builder_column_inner fusion-builder-nested-column-0 fusion_builder_column_inner_1_2 1_2 fusion-flex-column\" style=\"--awb-bg-size:cover;--awb-width-large:50%;--awb-margin-top-large:0px;--awb-spacing-right-large:3.84%;--awb-margin-bottom-large:20px;--awb-spacing-left-large:3.84%;--awb-width-medium:100%;--awb-order-medium:0;--awb-spacing-right-medium:1.92%;--awb-spacing-left-medium:1.92%;--awb-width-small:100%;--awb-order-small:0;--awb-spacing-right-small:1.92%;--awb-spacing-left-small:1.92%;\"><div class=\"fusion-column-wrapper fusion-column-has-shadow fusion-flex-justify-content-flex-start fusion-content-layout-column\"><div class=\"fusion-text fusion-text-3\"><p><strong>Felt\u00e9telek: <\/strong><\/p>\n<p>Ahhoz, hogy az 50 \u00f3r\u00e1s iskolai k\u00f6z\u00f6ss\u00e9gi szolg\u00e1lat megval\u00f3sulhasson, Egy\u00fcttm\u0171k\u00f6d\u00e9si Meg\u00e1llapod\u00e1sra van sz\u00fcks\u00e9g az iskola \u00e9s a F\u0151egyh\u00e1zmegyei Karit\u00e1sz K\u00f6zpont Eger k\u00f6z\u00f6tt.<\/p>\n<p>A Szervezet sz\u00e9khely\u00e9n \u00e9s m\u0171k\u00f6d\u00e9s\u00e9nek ter\u00fclet\u00e9n el\u0151re meghat\u00e1rozott id\u0151pontban, alkalmank\u00e9nt egyeztetve di\u00e1kokat fogad \u00e9s biztos\u00edtja a k\u00f6z\u00f6ss\u00e9gi szolg\u00e1lat ell\u00e1t\u00e1s\u00e1hoz sz\u00fcks\u00e9ges felt\u00e9teleket \u00e9s eszk\u00f6z\u00f6ket. Mentort biztos\u00edt, aki a tanul\u00f3k munk\u00e1j\u00e1nak z\u00f6kken\u0151mentes v\u00e9gz\u00e9s\u00e9hez r\u00e9szt vesz a felk\u00e9sz\u00edt\u0151 foglalkoz\u00e1sokon, koordin\u00e1lja, ir\u00e1ny\u00edtja a tanul\u00f3kat, r\u00e9szt vesz az \u00e9rt\u00e9kel\u00e9sben \u00e9s igazolja a szolg\u00e1lat teljes\u00edt\u00e9s\u00e9t.<\/p>\n<\/div><\/div><\/div><div class=\"fusion-layout-column fusion_builder_column_inner fusion-builder-nested-column-1 fusion_builder_column_inner_1_2 1_2 fusion-flex-column\" style=\"--awb-bg-size:cover;--awb-width-large:50%;--awb-margin-top-large:0px;--awb-spacing-right-large:3.84%;--awb-margin-bottom-large:20px;--awb-spacing-left-large:3.84%;--awb-width-medium:100%;--awb-order-medium:0;--awb-spacing-right-medium:1.92%;--awb-spacing-left-medium:1.92%;--awb-width-small:100%;--awb-order-small:0;--awb-spacing-right-small:1.92%;--awb-spacing-left-small:1.92%;\"><div class=\"fusion-column-wrapper fusion-column-has-shadow fusion-flex-justify-content-flex-start fusion-content-layout-column\"><div class=\"fusion-text fusion-text-4\"><p><img decoding=\"async\" class=\"alignnone wp-image-2713\" src=\"https:\/\/karitaszeger.hu\/web\/wp-content\/uploads\/2021\/02\/iskolai4.jpg\" alt=\"\" width=\"600\" height=\"401\" srcset=\"https:\/\/karitaszeger.hu\/web\/wp-content\/uploads\/2021\/02\/iskolai4-120x80.jpg 120w, https:\/\/karitaszeger.hu\/web\/wp-content\/uploads\/2021\/02\/iskolai4-200x134.jpg 200w, https:\/\/karitaszeger.hu\/web\/wp-content\/uploads\/2021\/02\/iskolai4-300x200.jpg 300w, https:\/\/karitaszeger.hu\/web\/wp-content\/uploads\/2021\/02\/iskolai4-400x267.jpg 400w, https:\/\/karitaszeger.hu\/web\/wp-content\/uploads\/2021\/02\/iskolai4-500x334.jpg 500w, https:\/\/karitaszeger.hu\/web\/wp-content\/uploads\/2021\/02\/iskolai4-600x401.jpg 600w, https:\/\/karitaszeger.hu\/web\/wp-content\/uploads\/2021\/02\/iskolai4-700x467.jpg 700w, https:\/\/karitaszeger.hu\/web\/wp-content\/uploads\/2021\/02\/iskolai4-768x513.jpg 768w, https:\/\/karitaszeger.hu\/web\/wp-content\/uploads\/2021\/02\/iskolai4-800x534.jpg 800w, https:\/\/karitaszeger.hu\/web\/wp-content\/uploads\/2021\/02\/iskolai4.jpg 879w\" sizes=\"(max-width: 600px) 100vw, 600px\" \/><\/p>\n<\/div><\/div><\/div><\/div><div class=\"fusion-builder-row fusion-builder-row-inner fusion-row fusion-flex-align-items-flex-start fusion-flex-content-wrap\" style=\"width:104% !important;max-width:104% !important;margin-left: calc(-4% \/ 2 );margin-right: calc(-4% \/ 2 );\"><div class=\"fusion-layout-column fusion_builder_column_inner fusion-builder-nested-column-2 fusion_builder_column_inner_1_1 1_1 fusion-flex-column\" style=\"--awb-bg-size:cover;--awb-width-large:100%;--awb-margin-top-large:0px;--awb-spacing-right-large:1.92%;--awb-margin-bottom-large:20px;--awb-spacing-left-large:1.92%;--awb-width-medium:100%;--awb-order-medium:0;--awb-spacing-right-medium:1.92%;--awb-spacing-left-medium:1.92%;--awb-width-small:100%;--awb-order-small:0;--awb-spacing-right-small:1.92%;--awb-spacing-left-small:1.92%;\"><div class=\"fusion-column-wrapper fusion-column-has-shadow fusion-flex-justify-content-flex-start fusion-content-layout-column\"><\/div><\/div><\/div><div class=\"fusion-text fusion-text-5\"><p>Az a 9-11 \u00e9vfolyamos di\u00e1k, aki a Karit\u00e1szn\u00e1l szeretn\u00e9 az 50 \u00f3r\u00e1s k\u00f6z\u00f6ss\u00e9gi szolg\u00e1lat\u00e1t elv\u00e9gezni, annak a k\u00f6vetkez\u0151ket kell megtenni:<\/p>\n<ul>\n<li>Jelezze az iskol\u00e1j\u00e1ban a k\u00f6z\u00f6ss\u00e9gi szolg\u00e1lat koordin\u00e1l\u00e1s\u00e1val megb\u00edzott pedag\u00f3gusn\u00e1l;<\/li>\n<li>az iskol\u00e1nak szerz\u0151d\u00e9ses viszonyban kell lennie az Egri Karit\u00e1sz K\u00f6zponttal, ha m\u00e9g ez nincs, akkor p\u00f3tolni kell;<\/li>\n<li>a di\u00e1k keresse meg a Karit\u00e1szt \u00e9s jelezze, hogy ott szeretn\u00e9 az 50 \u00f3r\u00e1s munk\u00e1t elv\u00e9gezni;<\/li>\n<li>egyeztessen a munkav\u00e9gz\u00e9s id\u0151beoszt\u00e1s\u00e1r\u00f3l;<\/li>\n<li>jelenjen meg a megbesz\u00e9lt id\u0151pontban<\/li>\n<\/ul>\n<\/div><div class=\"fusion-builder-row fusion-builder-row-inner fusion-row fusion-flex-align-items-flex-start fusion-flex-content-wrap\" style=\"width:104% !important;max-width:104% !important;margin-left: calc(-4% \/ 2 );margin-right: calc(-4% \/ 2 );\"><div class=\"fusion-layout-column fusion_builder_column_inner fusion-builder-nested-column-3 fusion_builder_column_inner_1_1 1_1 fusion-flex-column\" style=\"--awb-bg-size:cover;--awb-width-large:100%;--awb-margin-top-large:0px;--awb-spacing-right-large:1.92%;--awb-margin-bottom-large:20px;--awb-spacing-left-large:1.92%;--awb-width-medium:100%;--awb-order-medium:0;--awb-spacing-right-medium:1.92%;--awb-spacing-left-medium:1.92%;--awb-width-small:100%;--awb-order-small:0;--awb-spacing-right-small:1.92%;--awb-spacing-left-small:1.92%;\"><div class=\"fusion-column-wrapper fusion-column-has-shadow fusion-flex-justify-content-flex-start fusion-content-layout-column\"><div class=\"fusion-text fusion-text-6\"><h3><span style=\"color: #ff0000;\"><strong>\u00d6nk\u00e9ntes di\u00e1k feladatok a Karit\u00e1szn\u00e1l:<\/strong><\/span><\/h3>\n<\/div><\/div><\/div><\/div><div class=\"fusion-builder-row fusion-builder-row-inner fusion-row fusion-flex-align-items-flex-start fusion-flex-content-wrap\" style=\"width:104% !important;max-width:104% !important;margin-left: calc(-4% \/ 2 );margin-right: calc(-4% \/ 2 );\"><div class=\"fusion-layout-column fusion_builder_column_inner fusion-builder-nested-column-4 fusion_builder_column_inner_1_2 1_2 fusion-flex-column\" style=\"--awb-bg-size:cover;--awb-width-large:50%;--awb-margin-top-large:0px;--awb-spacing-right-large:3.84%;--awb-margin-bottom-large:20px;--awb-spacing-left-large:3.84%;--awb-width-medium:100%;--awb-order-medium:0;--awb-spacing-right-medium:1.92%;--awb-spacing-left-medium:1.92%;--awb-width-small:100%;--awb-order-small:0;--awb-spacing-right-small:1.92%;--awb-spacing-left-small:1.92%;\"><div class=\"fusion-column-wrapper fusion-column-has-shadow fusion-flex-justify-content-flex-start fusion-content-layout-column\"><div class=\"fusion-text fusion-text-7\"><ul>\n<li>tart\u00f3s \u00e9lelmiszerek v\u00e1logat\u00e1sa, csomagok k\u00e9sz\u00edt\u00e9se;<\/li>\n<li>ruhaadom\u00e1nyok v\u00e1logat\u00e1sa megadott szempontok szerint;<\/li>\n<li>gondozottak felkeres\u00e9se, otthoni seg\u00edts\u00e9gny\u00fajt\u00e1s;<\/li>\n<li>seg\u00edts\u00e9gny\u00fajt\u00e1s r\u00e1szorul\u00f3k \u00e9tkeztet\u00e9s\u00e9ben;<\/li>\n<li><em>\u00d6ngondoskod\u00f3 h\u00e1ztart\u00e1sok<\/em> program keret\u00e9n bel\u00fcl vet\u0151magok csomagol\u00e1sa, kioszt\u00e1sa;<\/li>\n<li>gyermekprogramok szervez\u00e9se;<\/li>\n<li>seg\u00edts\u00e9gny\u00fajt\u00e1s a ny\u00e1ri karit\u00e1sz t\u00e1borokban;<\/li>\n<li>seg\u00edts\u00e9gny\u00fajt\u00e1s a karit\u00e1sz rendezv\u00e9nyein.<\/li>\n<\/ul>\n<\/div><\/div><\/div><div class=\"fusion-layout-column fusion_builder_column_inner fusion-builder-nested-column-5 fusion_builder_column_inner_1_2 1_2 fusion-flex-column\" style=\"--awb-bg-size:cover;--awb-width-large:50%;--awb-margin-top-large:0px;--awb-spacing-right-large:3.84%;--awb-margin-bottom-large:20px;--awb-spacing-left-large:3.84%;--awb-width-medium:100%;--awb-order-medium:0;--awb-spacing-right-medium:1.92%;--awb-spacing-left-medium:1.92%;--awb-width-small:100%;--awb-order-small:0;--awb-spacing-right-small:1.92%;--awb-spacing-left-small:1.92%;\"><div class=\"fusion-column-wrapper fusion-column-has-shadow fusion-flex-justify-content-flex-start fusion-content-layout-column\"><div class=\"fusion-text fusion-text-8\"><p><img decoding=\"async\" class=\"alignnone wp-image-2712\" src=\"https:\/\/karitaszeger.hu\/web\/wp-content\/uploads\/2021\/02\/iskolai3.jpg\" alt=\"\" width=\"600\" height=\"450\" srcset=\"https:\/\/karitaszeger.hu\/web\/wp-content\/uploads\/2021\/02\/iskolai3-160x120.jpg 160w, https:\/\/karitaszeger.hu\/web\/wp-content\/uploads\/2021\/02\/iskolai3-200x150.jpg 200w, https:\/\/karitaszeger.hu\/web\/wp-content\/uploads\/2021\/02\/iskolai3-300x225.jpg 300w, https:\/\/karitaszeger.hu\/web\/wp-content\/uploads\/2021\/02\/iskolai3-400x300.jpg 400w, https:\/\/karitaszeger.hu\/web\/wp-content\/uploads\/2021\/02\/iskolai3-500x375.jpg 500w, https:\/\/karitaszeger.hu\/web\/wp-content\/uploads\/2021\/02\/iskolai3-600x450.jpg 600w, https:\/\/karitaszeger.hu\/web\/wp-content\/uploads\/2021\/02\/iskolai3-700x525.jpg 700w, https:\/\/karitaszeger.hu\/web\/wp-content\/uploads\/2021\/02\/iskolai3-768x576.jpg 768w, https:\/\/karitaszeger.hu\/web\/wp-content\/uploads\/2021\/02\/iskolai3-800x600.jpg 800w, https:\/\/karitaszeger.hu\/web\/wp-content\/uploads\/2021\/02\/iskolai3.jpg 960w\" sizes=\"(max-width: 600px) 100vw, 600px\" \/><\/p>\n<\/div><\/div><\/div><\/div><\/div><\/div><\/div><\/div><div class=\"fusion-fullwidth fullwidth-box fusion-builder-row-2 fusion-flex-container fusion-parallax-none nonhundred-percent-fullwidth non-hundred-percent-height-scrolling\" style=\"--awb-border-sizes-top:0px;--awb-border-sizes-bottom:0px;--awb-border-sizes-left:0px;--awb-border-sizes-right:0px;--awb-border-radius-top-left:0px;--awb-border-radius-top-right:0px;--awb-border-radius-bottom-right:0px;--awb-border-radius-bottom-left:0px;--awb-padding-top:150px;--awb-padding-bottom:150px;--awb-background-image:url(&quot;https:\/\/karitaszeger.hu\/web\/wp-content\/uploads\/2021\/03\/segits-scaled.jpg&quot;);--awb-background-size:cover;--awb-flex-wrap:wrap;\" ><div class=\"fusion-builder-row fusion-row fusion-flex-align-items-flex-start fusion-flex-content-wrap\" style=\"max-width:calc( 1170px + 0px );margin-left: calc(-0px \/ 2 );margin-right: calc(-0px \/ 2 );\"><div class=\"fusion-layout-column fusion_builder_column fusion-builder-column-4 fusion_builder_column_1_1 1_1 fusion-flex-column\" style=\"--awb-padding-right:11%;--awb-padding-left:11%;--awb-bg-size:cover;--awb-width-large:100%;--awb-margin-top-large:0px;--awb-spacing-right-large:0px;--awb-margin-bottom-large:20px;--awb-spacing-left-large:0px;--awb-width-medium:100%;--awb-spacing-right-medium:0px;--awb-spacing-left-medium:0px;--awb-width-small:100%;--awb-spacing-right-small:0px;--awb-spacing-left-small:0px;\"><div class=\"fusion-column-wrapper fusion-flex-justify-content-flex-start fusion-content-layout-column\"><div class=\"fusion-title title fusion-title-3 fusion-sep-none fusion-title-center fusion-title-text fusion-title-size-two\" style=\"--awb-text-color:#ffffff;\"><h2 class=\"fusion-title-heading title-heading-center\" style=\"margin:0;line-height:1;\"><h2 class=\"piros kozepre\"><span style=\"color: #ffffff;\">AZ \u00d6N SEG\u00cdTS\u00c9G\u00c9RE\u00a0IS SZ\u00dcKS\u00c9G VAN!<\/span><\/h2>\n<div class=\"content\"><\/div><\/h2><\/div><div class=\"fusion-separator\" style=\"align-self: center;margin-left: auto;margin-right: auto;margin-top:0px;margin-bottom:40px;width:100%;max-width:200px;\"><div class=\"fusion-separator-border sep-single sep-solid\" style=\"--awb-height:20px;--awb-amount:20px;--awb-sep-color:#f44336;border-color:#f44336;border-top-width:3px;\"><\/div><\/div><div class=\"fusion-text fusion-text-9\"><h2 style=\"text-align: center;\"><span style=\"color: #ffffff;\"><strong>1356 \u2013 H\u00cdVJON, HOGY SEG\u00cdTHESS\u00dcNK!<\/strong><\/span><\/h2>\n<\/div><div class=\"fusion-builder-row fusion-builder-row-inner fusion-row fusion-flex-align-items-flex-start fusion-flex-content-wrap\" style=\"width:calc( 100% + 0px ) !important;max-width:calc( 100% + 0px ) !important;margin-left: calc(-0px \/ 2 );margin-right: calc(-0px \/ 2 );\"><div class=\"fusion-layout-column fusion_builder_column_inner fusion-builder-nested-column-6 fusion_builder_column_inner_1_3 1_3 fusion-flex-column\" style=\"--awb-bg-size:cover;--awb-width-large:33.333333333333%;--awb-margin-top-large:0px;--awb-spacing-right-large:0px;--awb-margin-bottom-large:20px;--awb-spacing-left-large:0px;--awb-width-medium:100%;--awb-order-medium:0;--awb-spacing-right-medium:0px;--awb-spacing-left-medium:0px;--awb-width-small:100%;--awb-order-small:0;--awb-spacing-right-small:0px;--awb-spacing-left-small:0px;\"><div class=\"fusion-column-wrapper fusion-column-has-shadow fusion-flex-justify-content-flex-start fusion-content-layout-column\"><\/div><\/div><div class=\"fusion-layout-column fusion_builder_column_inner fusion-builder-nested-column-7 fusion_builder_column_inner_1_3 1_3 fusion-flex-column fusion-animated\" style=\"--awb-bg-color:#f44336;--awb-bg-color-hover:#f44336;--awb-bg-size:cover;--awb-width-large:33.333333333333%;--awb-margin-top-large:0px;--awb-spacing-right-large:0px;--awb-margin-bottom-large:20px;--awb-spacing-left-large:0px;--awb-width-medium:100%;--awb-order-medium:0;--awb-spacing-right-medium:0px;--awb-spacing-left-medium:0px;--awb-width-small:100%;--awb-order-small:0;--awb-spacing-right-small:0px;--awb-spacing-left-small:0px;\" data-animationType=\"bounceInDown\" data-animationDuration=\"1.3\" data-animationOffset=\"top-into-view\"><div class=\"fusion-column-wrapper fusion-column-has-shadow fusion-flex-justify-content-flex-start fusion-content-layout-column\"><div style=\"text-align:center;\"><a class=\"fusion-button button-flat fusion-button-default-size button-custom fusion-button-default button-1 fusion-button-default-span fusion-button-default-type fusion-has-button-gradient\" style=\"--button_accent_color:#ffffff;--button_accent_hover_color:#f44336;--button_border_hover_color:#f44336;--button_border_width-top:0;--button_border_width-right:0;--button_border_width-bottom:0;--button_border_width-left:0;--button_gradient_top_color:rgba(254,201,107,0);--button_gradient_bottom_color:rgba(254,201,107,0);--button_gradient_top_color_hover:#ffffff;--button_gradient_bottom_color_hover:rgba(0,0,0,0);\" target=\"_self\" href=\"https:\/\/karitaszeger.hu\/web\/segits\/\"><i class=\"fa-credit-card fas awb-button__icon awb-button__icon--default button-icon-left\" aria-hidden=\"true\"><\/i><span class=\"fusion-button-text awb-button__text awb-button__text--default\">ONLINE ADOM\u00c1NYOZ\u00c1S<\/span><\/a><\/div><\/div><\/div><div class=\"fusion-layout-column fusion_builder_column_inner fusion-builder-nested-column-8 fusion_builder_column_inner_1_3 1_3 fusion-flex-column\" style=\"--awb-bg-size:cover;--awb-width-large:33.333333333333%;--awb-margin-top-large:0px;--awb-spacing-right-large:0px;--awb-margin-bottom-large:20px;--awb-spacing-left-large:0px;--awb-width-medium:100%;--awb-order-medium:0;--awb-spacing-right-medium:0px;--awb-spacing-left-medium:0px;--awb-width-small:100%;--awb-order-small:0;--awb-spacing-right-small:0px;--awb-spacing-left-small:0px;\"><div class=\"fusion-column-wrapper fusion-column-has-shadow fusion-flex-justify-content-flex-start fusion-content-layout-column\"><\/div><\/div><\/div><\/div><\/div><\/div><\/div><\/p>\n","protected":false},"excerpt":{"rendered":"","protected":false},"author":1,"featured_media":0,"parent":0,"menu_order":0,"comment_status":"closed","ping_status":"closed","template":"100-width.php","meta":{"footnotes":""},"class_list":["post-710","page","type-page","status-publish","hentry"],"_links":{"self":[{"href":"https:\/\/karitaszeger.hu\/web\/wp-json\/wp\/v2\/pages\/710","targetHints":{"allow":["GET"]}}],"collection":[{"href":"https:\/\/karitaszeger.hu\/web\/wp-json\/wp\/v2\/pages"}],"about":[{"href":"https:\/\/karitaszeger.hu\/web\/wp-json\/wp\/v2\/types\/page"}],"author":[{"embeddable":true,"href":"https:\/\/karitaszeger.hu\/web\/wp-json\/wp\/v2\/users\/1"}],"replies":[{"embeddable":true,"href":"https:\/\/karitaszeger.hu\/web\/wp-json\/wp\/v2\/comments?post=710"}],"version-history":[{"count":12,"href":"https:\/\/karitaszeger.hu\/web\/wp-json\/wp\/v2\/pages\/710\/revisions"}],"predecessor-version":[{"id":2828,"href":"https:\/\/karitaszeger.hu\/web\/wp-json\/wp\/v2\/pages\/710\/revisions\/2828"}],"wp:attachment":[{"href":"https:\/\/karitaszeger.hu\/web\/wp-json\/wp\/v2\/media?parent=710"}],"curies":[{"name":"wp","href":"https:\/\/api.w.org\/{rel}","templated":true}]}}